ose 4*y + 0*y = 3780. Suppose -5*q - 3*b = -148 - y, 0 = -5*b - 20. Is q composite?
True
Suppose 2*g + 2*i - 14 = 0, -4*g = 4*i + i - 31. Suppose -g*b = -8*b + 764. Is b a composite number?
False
Suppose 3 = m + 1, -5*p = m - 3492. Suppose 3*i = 97 + p. Is i a prime number?
False
Let v = 9 - 9. Suppose 0*p = -5*p + 2*t + 389, 5*t + 10 = v. Is p a composite number?
True
Let y(l) be the second derivative of -l**3/6 + 25*l**2/2 - l. Suppose -3*r + 6 = -4*n, -4*n + 5*r - 10 + 0 = 0. Is y(n) a prime number?
False
Let p(v) = 2*v**3 - 3*v**2. Let b be p(2). Is b - -2*2/2 a prime number?
False
Let w(j) = 180*j**2 + j - 1. Is w(-2) a composite number?
True
Suppose 2*q + 0*p = -p - 809, -2*p = -6. Let y be 18099/(-63) + (-2)/(-7). Let u = y - q. Is u prime?
False
Let b = -38 - -88. Let y = b + -28. Is y composite?
True
Let t(g) = g. Let r(y) = -y**2 + y + 3. Suppose 3*h + 5*b - 3*b - 8 = 0, 4*h + 2*b = 12. Let l(v) = h*t(v) - r(v). Is l(2) composite?
False
Let c(q) = 3*q**2 - 4*q - 4. Let n = 5 - 8. Is c(n) a composite number?
True
Let x = -5 - -8. Suppose 2*g - 33 + 12 = -x*l, 4*g + 2*l = 22. Suppose 0*z + 381 = g*z. Is z prime?
True
Let m(x) = -x + 8. Let n be m(4). Suppose 3*w + 59 = n*w. Is w a prime number?
True
Suppose 3*w - 8 = -2. Suppose -w*l = -6*l + 76. Is l composite?
False
Suppose -2*n = 2*n - 1356. Suppose 2*d - 91 = 57. Suppose n = 5*p + d. Is p a composite number?
False
Suppose 0*p - 2*p = -c - 110, -2*p - c + 102 = 0. Is (-1 - 0)*0 + p a composite number?
False
Let f(l) = 2*l**2 - 6*l + 2. Let u be 2 + -14 - (0 - 1). Let a = u + 15. Is f(a) composite?
True
Is (-4395)/(-6) - 3/(-6) prime?
True
Let g = 0 - 3. Is (-2 - -2*47) + g a prime number?
True
Let a be (-5)/(-10)*(-1 + 7). Suppose a*i - 147 = 24. Suppose 4*v - 167 = v + 2*t, -v + 2*t + i = 0. Is v a composite number?
True
Suppose -5*j - 526 = 5*w - 26, -w - 84 = -3*j. Let p = 11 - w. Suppose 4*k - 209 = p. Is k a composite number?
False
Let l = 21 + -27. Is (l/4)/(12/(-424)) a prime number?
True
Suppose -5*a = -2*a + 2*h, -3*h = -4*a. Suppose v + 5*w - 7 = a, -5*w + 2 = -v - 1. Suppose -o - 47 = -v*t + 62, -t + 5*o = -68. Is t composite?
False
Let s(l) = -583*l + 4. Is s(-1) a prime number?
True
Let z = 506 - 345. Suppose -122 - 1033 = -7*v. Suppose 5*c - v = 5*r, 5*c - z = 5*r - 2*r. Is c composite?
False
Suppose -3*j + 3*t + 2 - 11 = 0, -31 = -3*j - 5*t. Is 1/((-2)/(-10))*j composite?
True
Let m(p) = p**2 + 2. Let f be m(0). Suppose -q - 5*j = -31, f*q + 3*j - 2*j - 89 = 0. Is q a composite number?
True
Let v = 991 - 584. Is v prime?
False
Let w(x) = -2*x**3 - 8*x**2 + 3*x - 4. Is w(-6) a composite number?
True
Suppose 5*k - 5 = 5. Let q(y) = -y + 2. Let s be q(k). Suppose -2*f - 96 = -5*g + f, -4*g + f + 81 = s. Is g a prime number?
False
Suppose 0 = 5*x + 219 - 1464. Suppose 5*t - 346 = x. Is t a prime number?
False
Let t(b) = -92*b**3 - 3*b - 3. Is t(-2) prime?
True
Is -2*((-44)/8 - 4) prime?
True
Suppose 5*n + 1174 = 2*u, 3*n - 164 = -u + 423. Is u a prime number?
True
Let m(n) = 2*n**2 - 4*n - 1. Let r be -10*(-3 - 21/(-6)). Is m(r) a composite number?
True
Let m(n) = 35*n + 2. Let f be m(2). Suppose 5*y - 103 = 4*s + f, 3*y - 3*s = 105. Is y a composite number?
True
Suppose -2*i = -0*i - 4990. Is i prime?
False
Let n(u) = -u**3 - 4*u**2 - 2*u - 3. Let p be n(-4). Let x be (4/p)/(4/10). Is x*166*(-1)/(-4) a prime number?
True
Let q(t) = t**3 + 8*t**2. Let s be q(-8). Let i(o) be the first derivative of o**2/2 + 25*o - 3. Is i(s) prime?
False
Let n(t) = 4*t**2 + 4*t - 5. Let s be n(9). Suppose -4*r + s = -961. Is r prime?
False
Suppose -5*d = -d, -4*l + 2*d + 796 = 0. Is l a prime number?
True
Suppose 5*f = 3*f - 2. Is f*(2 + 1) - -148 prime?
False
Let h be ((-4)/(-3))/((-2)/3). Is ((-1)/h)/((-3)/(-462)) prime?
False
Let i(z) be the second derivative of 2*z**4 - z**3/3 + z**2/2 + 3*z. Let l(x) = x**3 - x**2 + 2*x - 1. Let v be l(1). Is i(v) a prime number?
True
Suppose 8*d - 6921 = -d. Is d prime?
True
Suppose 0*n + 4*n = 4*z + 92, -z = -2*n + 27. Suppose -5*c - 4*p = -222, 5*c - 3*p = -6*p + 219. Let b = c + z. Is b prime?
True
Let q = 551 + -328. Is q a composite number?
False
Suppose 3*h + 4*b = 769, 0*b + b = 4*h - 1057. Is h a composite number?
False
Let l = 8 + -6. Suppose -5*r + 25 = -2*n - 0*n, -l*n - 2*r = -10. Suppose n = -z + 4*q + 11, 4*z - 120 = -4*q + 24. Is z prime?
True
Let h(d) = 4*d**2 + 2*d + 4. Suppose -5*l + 10*l - 2*i - 13 = 0, 0 = -5*l + 5*i + 10. Is h(l) composite?
True
Let i(q) = 5*q - 3. Suppose 0 = 5*n + z - 15, 17 = 3*n + 5*z - 14. Let p be i(n). Suppose 2*f + 455 = p*f. Is f a prime number?
False
Let r be 1/((-1)/3) + 7. Suppose -r*n - 93 = -565. Is n prime?
False
Suppose 0*x + 10*x - 460 = 0. Is x prime?
False
Let n(s) = -7*s**2 + 11*s. Let f(t) = -5*t**2 + 7*t. Let p(w) = -8*f(w) + 5*n(w). Let j be p(1). Is j/(-10) + (-321)/(-15) prime?
False
Let x = 388 + 141. Is x prime?
False
Is (-2)/(-16)*382*4 a composite number?
False
Suppose 0*j - 5*j = -885. Is j composite?
True
Is 447 - (0 + 8 - 4) prime?
True
Suppose -2*d + 2*g = -76, 2*g + 187 = 4*d + d. Is d a prime number?
True
Let w(f) = 18*f**3 + 2*f**2 - 3. Is w(2) composite?
False
Let w = -31 + 56. Suppose 0 = k + 2 - w. Is k prime?
True
Let h = 3393 + -2354. Is h prime?
True
Let o = -92 + 237. Suppose 2*i - o = 1101. Is i prime?
False
Suppose 5*z - 12 = -2. Let g = 5 - z. Suppose 2*l + 2*o - 8 = 28, 0 = -g*o - 9. Is l prime?
False
Suppose k - 2*j - 145 = 124, k - 262 = -5*j. Is k a prime number?
False
Suppose -3*p - p = -8. Suppose 5*n = -3*l + 334, -p*l = 4*n - 216 - 50. Is n a composite number?
True
Suppose k + 5*y - 702 = 0, 3*k = -0*k - 3*y + 2166. Is k a composite number?
False
Suppose 1932 - 492 = 5*x. Suppose -138 = -d + a - 44, -x = -3*d + a. Is d a prime number?
True
Let w be (-30)/(-20) - (-41)/2. Suppose -o + w - 8 = 0. Is o a prime number?
False
Suppose 4*f - 4*h = 1772, 0*h + 4*h = -5*f + 2233. Is f a prime number?
False
Let w = 7034 + -4531. Is w prime?
True
Let y = 6 + -12. Is (-1 - 0)/(y/762) a prime number?
True
Let s(d) = 2 - 6*d - 9*d - 2*d. Is s(-3) composite?
False
Let c(v) = -7*v**3 - 4*v**2 + 8*v + 7. Is c(-8) prime?
True
Let t = 109 + -75. Let p be (-2)/(-9) - t/(-9). Suppose p = 3*o - 53. Is o prime?
True
Let b = 10 + -6. Suppose 7*n = b*n + 390. Suppose 0 = 3*z - n + 31. Is z composite?
True
Suppose 1476 = 3*b + 3*x, 3*x + 344 + 635 = 2*b. Is b a prime number?
True
Let k be -2 - (-3 - 3)*2. Suppose 4*p + 2 = -k. Let q(c) = 7*c**2 + 4*c + 2. Is q(p) prime?
True
Suppose -6 = -3*i, q - 3*i - 1 = -7. Let z be 2 + (q/3 - 10). Is (2 + 0)*(-364)/z a composite number?
True
Let c be 2 + -1 + 6/3. Let b = c + 0. Is b composite?
False
Suppose 3*g + 0 = l + 499, 5*g - 829 = 3*l. Let h = g + 24. Is (-2 + 5 - 3) + h prime?
True
Suppose 3123 = -4*i + 7*i. Is i prime?
False
Suppose 5*n = 5*v - 15, -2*v - n + 15 = 3*v. Is (149 - 0)*(v + -2) a prime number?
True
Let n be -3 + (-567)/1 - 0. Let c be (-6)/21 + n/14. Let p = c - -94. Is p composite?
False
Let q = 49 + 159. Suppose 4*k + 14 = -2*j + q, -2*k = 4*j - 364. Is j a prime number?
True
Let a(p) = -3*p - 2. Let o be a(2). Let s = -4 - o. Is (182/s)/(4/8) composite?
True
Let z be (1 + 0)/(1/12). Is (4/z)/((-2)/(-126)) a composite number?
True
Let r(x) = x**2 - 3*x - 4. Let i be r(4). Let d be (i + (-3)/6)*-2. Suppose -3*t - 2 - d = 0, -24 = -o + t. Is o a prime number?
True
Let v(g) = -g**2 - 6*g + 5 + 9*g + 12*g. Let b = -18 + 27. Is v(b) a composite number?
False
Suppose 0 = d + 4*d - 895. Is d prime?
True
Suppose 0*w + 236 = 4*w. Suppose w = 2*u - f, -2*u - f + 84 = 3*f. Suppose 6*d = -q + 3*d + u, -3*d = -4*q + 98. Is q prime?
False
Let w = 14 + -16. Is ((-7)/w)/(1/74) composite?
True
Is ((-20)/(-4) + -4)/(2/11014) composite?
False
Let k be 0 + 2 + 4 + -3. Suppose -70 + 25 = -k*p. Is p composite?
True
Suppose -2*h = -4*h. Suppose h = k - 0*k - 3*n - 148, -4*k - 4*n = -672. Is k prime?
True
Suppose -v + 6 = 3*r, -2*r - 3*r + 2 = -v. Suppose 3*u = 2*u + 66. Suppose 7*k - 88 = 3*k - v*m, 5*m = -3*k + u. Is k a prime number?
False
Let p be ((-9)/(-2))/(6/(-144)). Let t = p - -243. Let n = -68 + t. Is n a composite number?
False
Suppose 3*p - 6 - 7 = 5*c, -3*p = 4*c + 5. Is (-2 + -9 + p)/(-1) a composite number?
True
Let z(p) = 2